hen 12416709 is divided by 132?
129
What is the remainder when 186760 is divided by 23?
0
Calculate the remainder when 88155 is divided by 4896.
27
Calculate the remainder when 3497908 is divided by 195.
193
Calculate the remainder when 6425536 is divided by 167.
44
What is the remainder when 86757 is divided by 2484?
2301
Calculate the remainder when 6632949 is divided by 1658229.
33
Calculate the remainder when 2791540 is divided by 3588.
76
What is the remainder when 150032 is divided by 652?
72
What is the remainder when 726010 is divided by 469?
467
Calculate the remainder when 5834855 is divided by 2917421.
13
What is the remainder when 24160948 is divided by 360611?
11
Calculate the remainder when 4857393 is divided by 33.
24
What is the remainder when 4556849 is divided by 303788?
29
What is the remainder when 93209 is divided by 509?
62
Calculate the remainder when 15805294 is divided by 43.
42
What is the remainder when 266583715 is divided by 70?
55
Calculate the remainder when 149185 is divided by 2296.
2241
What is the remainder when 47725902 is divided by 121?
114
Calculate the remainder when 19022791 is divided by 2717541.
4
Calculate the remainder when 16910724 is divided by 147.
138
Calculate the remainder when 946586 is divided by 194.
60
What is the remainder when 61411 is divided by 111?
28
Calculate the remainder when 28042271 is divided by 2175.
2171
What is the remainder when 820941 is divided by 4664?
77
Calculate the remainder when 177465 is divided by 41613.
11013
What is the remainder when 5557355 is divided by 106872?
11
Calculate the remainder when 52812796 is divided by 333.
328
What is the remainder when 57274 is divided by 8237?
7852
Calculate the remainder when 53458 is divided by 7238.
2792
Calculate the remainder when 2401047 is divided by 51086.
5
What is the remainder when 75451895 is divided by 3981?
2
Calculate the remainder when 950592 is divided by 456.
288
What is the remainder when 134725379 is divided by 3846?
3845
What is the remainder when 65708 is divided by 167?
77
What is the remainder when 29799939 is divided by 2088?
3
What is the remainder when 10846674 is divided by 36?
18
What is the remainder when 2157411 is divided by 1078660?
91
Calculate the remainder when 3634119 is divided by 4537.
4519
What is the remainder when 18449650 is divided by 2117?
2112
Calculate the remainder when 10970672 is divided by 391.
385
What is the remainder when 33584014 is divided by 75132?
10
What is the remainder when 139755324 is divided by 2?
0
What is the remainder when 4977904 is divided by 362?
42
What is the remainder when 397747 is divided by 56809?
84
What is the remainder when 1155632 is divided by 7974?
7376
Calculate the remainder when 77226 is divided by 7020.
6
What is the remainder when 847478 is divided by 209?
192
Calculate the remainder when 1036696 is divided by 1036649.
47
Calculate the remainder when 10248928 is divided by 15.
13
Calculate the remainder when 150035 is divided by 1014.
977
Calculate the remainder when 4245 is divided by 1875.
495
What is the remainder when 5147611 is divided by 1286895?
31
What is the remainder when 1814871 is divided by 569?
330
Calculate the remainder when 109648 is divided by 21155.
3873
What is the remainder when 42850 is divided by 4264?
210
Calculate the remainder when 9322454 is divided by 3653.
3651
Calculate the remainder when 1145010 is divided by 2669.
9
Calculate the remainder when 133491 is divided by 1377.
1299
What is the remainder when 100700 is divided by 3081?
2108
What is the remainder when 286269 is divided by 1207?
210
What is the remainder when 12168 is divided by 58?
46
Calculate the remainder when 80443 is divided by 310.
153
Calculate the remainder when 294533938 is divided by 1253.
1252
Calculate the remainder when 3654141 is divided by 1464.
1461
Calculate the remainder when 22780116 is divided by 57093.
9
Calculate the remainder when 434302836 is divided by 336.
324
What is the remainder when 90598 is divided by 15058?
250
What is the remainder when 198442028 is divided by 99221007?
14
What is the remainder when 171096032 is divided by 1909?
1907
What is the remainder when 5556196 is divided by 1851992?
220
What is the remainder when 153802 is divided by 522?
334
What is the remainder when 1013037 is divided by 1407?
1404
Calculate the remainder when 8360590 is divided by 37324.
14
What is the remainder when 113316277 is divided by 88?
85
Calculate the remainder when 109847949 is divided by 6354.
6351
What is the remainder when 14878706 is divided by 124?
70
What is the remainder when 69388285 is divided by 69388282?
3
What is the remainder when 495606 is divided by 625?
606
What is the remainder when 665771 is divided by 20805?
11
Calculate the remainder when 30756 is divided by 6021.
651
What is the remainder when 4681329 is divided by 9918?
33
What is the remainder when 499639 is divided by 29?
27
Calculate the remainder when 161152696 is divided by 143.
133
What is the remainder when 2360639 is divided by 480?
479
What is the remainder when 77204 is divided by 10954?
526
Calculate the remainder when 63415 is divided by 2522.
365
What is the remainder when 12790621 is divided by 664?
653
What is the remainder when 103943 is divided by 17137?
1121
Calculate the remainder when 214258 is divided by 3492.
1246
What is the remainder when 110252 is divided by 7?
2
What is the remainder when 121791 is divided by 24304?
271
Calculate the remainder when 28995125 is divided by 742.
733
What is the remainder when 235536 is divided by 235492?
44
What is the remainder when 6415645 is divided by 314?
311
What is the remainder when 388880 is divided by 1525?
5
Calculate the remainder when 842561 is divided by 129.
62
What is the remainder when 10755931 is divided by 934?
921
Calculate the remainder when 145591 is divided by 1667.
562
Calculate the remainder when 38277 is divided by 9436.
533
Calculate the remainder when 8574785 is divided by 4287387.
11
Calculate the remainder when 50841754 is divided by 98.
40
What is the remainder when 306133 is divided by 617?
101
What is the remainder when 150577 is divided by 12388?
1921
What is the remainder when 40369391 is divided by 609?
608
Calculate the remainder when 4393501 is divided by 104607.
7
Calculate the remainder when 1360014 is divided by 886.
4
Calculate the remainder when 477555 is divided by 854.
169
What is the remainder when 2370569 is divided by 2370539?
30
Calculate the remainder when 46975 is divided by 23480.
15
What is the remainder when 2307378 is divided by 4005?
498
Calculate the remainder when 5307202 is divided by 13268.
2
What is the remainder when 6469757 is divided by 476?
441
Calculate the remainder when 67626618 is divided by 5.
3
What is the remainder when 870275 is divided by 87017?
105
Calculate the remainder when 4312955 is divided by 738.
83
Calculate the remainder when 1781136 is divided by 468.
396
Calculate the remainder when 12546 is divided by 3903.
837
Calculate the remainder when 30087906 is divided by 46793.
7
What is the remainder when 2059927 is divided by 686642?
1
What is the remainder when 84007 is divided by 9334?
1
Calculate the remainder when 21639790 is divided by 15.
10
Calculate the remainder when 118613 is divided by 118531.
82
What is the remainder when 4236127 is divided by 147?
28
What is the remainder when 130947324 is divided by 52?
40
Calculate the remainder when 423169 is divided by 141005.
154
Calculate the remainder when 432888 is divided by 975.
963
What is the remainder when 28381189 is divided by 113?
109
Calculate the remainder when 114025 is divided by 22325.
2400
What is the remainder when 154212 is divided by 1364?
80
Calculate the remainder when 180369 is divided by 624.
33
What is the remainder when 3215031 is divided by 4392?
87
What is the remainder when 1601171 is divided by 279?
269
What is the remainder when 213298 is divided by 6405?
1933
What is the remainder when 2158845 is divided by 431718?
255
What is the remainder when 12428 is divided by 1229?
138
Calculate the remainder when 152674 is divided by 3260.
2714
What is the remainder when 199043 is divided by 198956?
87
What is the remainder when 11895911 is divid